{"version":"1.0","provider_name":"The Region","provider_url":"https:\/\/connectingregion.com\/sr\/","author_name":"Jovan","author_url":"https:\/\/connectingregion.com\/sr\/author\/jovan\/","title":"Slovenija smanjuje broj parking mesta na prevoju Vr\u0161i\u010d - The Region","type":"rich","width":600,"height":338,"html":"<blockquote class=\"wp-embedded-content\" data-secret=\"lCBf1Z8sx6\"><a href=\"https:\/\/connectingregion.com\/sr\/vesti\/slovenija-smanjuje-broj-parking-mesta-na-prevoju-vrsic\/\">Slovenija smanjuje broj parking mesta na prevoju Vr\u0161i\u010d<\/a><\/blockquote><iframe sandbox=\"allow-scripts\" security=\"restricted\" src=\"https:\/\/connectingregion.com\/sr\/vesti\/slovenija-smanjuje-broj-parking-mesta-na-prevoju-vrsic\/embed\/#?secret=lCBf1Z8sx6\" width=\"600\" height=\"338\" title=\"&#132;Slovenija smanjuje broj parking mesta na prevoju Vr\u0161i\u010d&#147; &#8212; The Region\" data-secret=\"lCBf1Z8sx6\" frameborder=\"0\" marginwidth=\"0\" marginheight=\"0\" scrolling=\"no\" class=\"wp-embedded-content\"><\/iframe><script>\n\/*! This file is auto-generated *\/\n!function(d,l){\"use strict\";l.querySelector&&d.addEventListener&&\"undefined\"!=typeof URL&&(d.wp=d.wp||{},d.wp.receiveEmbedMessage||(d.wp.receiveEmbedMessage=function(e){var t=e.data;if((t||t.secret||t.message||t.value)&&!\/[^a-zA-Z0-9]\/.test(t.secret)){for(var s,r,n,a=l.querySelectorAll('iframe[data-secret=\"'+t.secret+'\"]'),o=l.querySelectorAll('blockquote[data-secret=\"'+t.secret+'\"]'),c=new RegExp(\"^https?:$\",\"i\"),i=0;i<o.length;i++)o[i].style.display=\"none\";for(i=0;i<a.length;i++)s=a[i],e.source===s.contentWindow&&(s.removeAttribute(\"style\"),\"height\"===t.message?(1e3<(r=parseInt(t.value,10))?r=1e3:~~r<200&&(r=200),s.height=r):\"link\"===t.message&&(r=new URL(s.getAttribute(\"src\")),n=new URL(t.value),c.test(n.protocol))&&n.host===r.host&&l.activeElement===s&&(d.top.location.href=t.value))}},d.addEventListener(\"message\",d.wp.receiveEmbedMessage,!1),l.addEventListener(\"DOMContentLoaded\",function(){for(var e,t,s=l.querySelectorAll(\"iframe.wp-embedded-content\"),r=0;r<s.length;r++)(t=(e=s[r]).getAttribute(\"data-secret\"))||(t=Math.random().toString(36).substring(2,12),e.src+=\"#?secret=\"+t,e.setAttribute(\"data-secret\",t)),e.contentWindow.postMessage({message:\"ready\",secret:t},\"*\")},!1)))}(window,document);\n\/\/# sourceURL=https:\/\/connectingregion.com\/wp-includes\/js\/wp-embed.min.js\n<\/script>\n","thumbnail_url":"https:\/\/connectingregion.com\/wp-content\/uploads\/2026\/09\/Vrsic-shutterstock_2433200065.jpg","thumbnail_width":1200,"thumbnail_height":800,"description":"Me\u0111utim, kapacitet je smanjen na svega 80 mesta za automobile, tri za osobe sa invaliditetom, dva za autobuse i 24 za motocikle, \u0161to je pribli\u017eno tre\u0107ina ranijeg kapaciteta. Parking \u0107e ostati besplatan do kraja 2026. godine, dok je za budu\u0107nost planirano uvo\u0111enje naplate. Vlasti su odustale od ranijeg predloga da se cena parkinga ve\u017ee za [&hellip;]"}

Slovenija smanjuje broj parking mesta na prevoju Vršič - The Region

<blockquote class="wp-embedded-content" data-secret="lCBf1Z8sx6"><a href="https://connectingregion.com/sr/vesti/slovenija-smanjuje-broj-parking-mesta-na-prevoju-vrsic/">Slovenija smanjuje broj parking mesta na prevoju Vršič</a></blockquote><iframe sandbox="allow-scripts" security="restricted" src="https://connectingregion.com/sr/vesti/slovenija-smanjuje-broj-parking-mesta-na-prevoju-vrsic/embed/#?secret=lCBf1Z8sx6" width="600" height="338" title="&#132;Slovenija smanjuje broj parking mesta na prevoju Vršič&#147; &#8212; The Region" data-secret="lCBf1Z8sx6" frameborder="0" marginwidth="0" marginheight="0" scrolling="no" class="wp-embedded-content"></iframe><script>
/*! This file is auto-generated */
!function(d,l){"use strict";l.querySelector&&d.addEventListener&&"undefined"!=typeof URL&&(d.wp=d.wp||{},d.wp.receiveEmbedMessage||(d.wp.receiveEmbedMessage=function(e){var t=e.data;if((t||t.secret||t.message||t.value)&&!/[^a-zA-Z0-9]/.test(t.secret)){for(var s,r,n,a=l.querySelectorAll('iframe[data-secret="'+t.secret+'"]'),o=l.querySelectorAll('blockquote[data-secret="'+t.secret+'"]'),c=new RegExp("^https?:$","i"),i=0;i<o.length;i++)o[i].style.display="none";for(i=0;i<a.length;i++)s=a[i],e.source===s.contentWindow&&(s.removeAttribute("style"),"height"===t.message?(1e3<(r=parseInt(t.value,10))?r=1e3:~~r<200&&(r=200),s.height=r):"link"===t.message&&(r=new URL(s.getAttribute("src")),n=new URL(t.value),c.test(n.protocol))&&n.host===r.host&&l.activeElement===s&&(d.top.location.href=t.value))}},d.addEventListener("message",d.wp.receiveEmbedMessage,!1),l.addEventListener("DOMContentLoaded",function(){for(var e,t,s=l.querySelectorAll("iframe.wp-embedded-content"),r=0;r<s.length;r++)(t=(e=s[r]).getAttribute("data-secret"))||(t=Math.random().toString(36).substring(2,12),e.src+="#?secret="+t,e.setAttribute("data-secret",t)),e.contentWindow.postMessage({message:"ready",secret:t},"*")},!1)))}(window,document);
//# sourceURL=https://connectingregion.com/wp-includes/js/wp-embed.min.js
</script>

Međutim, kapacitet je smanjen na svega 80 mesta za automobile, tri za osobe sa invaliditetom, dva za autobuse i 24 za motocikle, što je približno trećina ranijeg kapaciteta. Parking će ostati besplatan do kraja 2026. godine, dok je za budućnost planirano uvođenje naplate. Vlasti su odustale od ranijeg predloga da se cena parkinga veže za [&hellip;]
